{"id":3639,"date":"2017-01-31T23:44:22","date_gmt":"2017-01-31T21:44:22","guid":{"rendered":"http:\/\/www.immerdrauf-online.de\/?page_id=3639"},"modified":"2021-03-20T12:23:18","modified_gmt":"2021-03-20T10:23:18","slug":"anetts-junggesellinenabschied","status":"publish","type":"page","link":"https:\/\/www.immerdrauf-online.de\/?page_id=3639","title":{"rendered":"Anett"},"content":{"rendered":"<p>Da war ich als Mann schon fast neidisch, bei der guten Laune, die die M\u00e4dels verspr\u00fchten. Gerne h\u00e4tte ich da mitgefeiert, aber ist ja nur f\u00fcr Frauen. Die Fotografie allerdings, hat gro\u00dfen Spa\u00df gemacht, mit so vielen Models auf einmal.<\/p>\n<p style=\"text-align: center;\"><a href=\"https:\/\/www.immerdrauf-online.de\/wp-content\/uploads\/2017\/01\/DSC02027-LR-1500.jpg\"><img loading=\"lazy\" decoding=\"async\" class=\"alignleft size-full wp-image-3640\" src=\"https:\/\/www.immerdrauf-online.de\/wp-content\/uploads\/2017\/01\/DSC02027-LR-1500.jpg\" alt=\"DSC02027-LR-1500\" width=\"1500\" height=\"1000\" srcset=\"https:\/\/www.immerdrauf-online.de\/wp-content\/uploads\/2017\/01\/DSC02027-LR-1500.jpg 1500w, https:\/\/www.immerdrauf-online.de\/wp-content\/uploads\/2017\/01\/DSC02027-LR-1500-300x200.jpg 300w, https:\/\/www.immerdrauf-online.de\/wp-content\/uploads\/2017\/01\/DSC02027-LR-1500-768x512.jpg 768w, https:\/\/www.immerdrauf-online.de\/wp-content\/uploads\/2017\/01\/DSC02027-LR-1500-904x603.jpg 904w\" sizes=\"auto, (max-width: 1500px) 100vw, 1500px\" \/><\/a><br \/>\n<span style=\"color: #ffffff;\">.<\/span><br \/>\n<span style=\"color: #ffffff;\">.<\/span><br \/>\n<a href=\"https:\/\/www.immerdrauf-online.de\/wp-content\/uploads\/2017\/01\/DSC01987-LR-1500.jpg\"><img loading=\"lazy\" decoding=\"async\" class=\"alignleft size-full wp-image-3641\" src=\"https:\/\/www.immerdrauf-online.de\/wp-content\/uploads\/2017\/01\/DSC01987-LR-1500.jpg\" alt=\"DSC01987-LR-1500\" width=\"1500\" height=\"1000\" srcset=\"https:\/\/www.immerdrauf-online.de\/wp-content\/uploads\/2017\/01\/DSC01987-LR-1500.jpg 1500w, https:\/\/www.immerdrauf-online.de\/wp-content\/uploads\/2017\/01\/DSC01987-LR-1500-300x200.jpg 300w, https:\/\/www.immerdrauf-online.de\/wp-content\/uploads\/2017\/01\/DSC01987-LR-1500-768x512.jpg 768w, https:\/\/www.immerdrauf-online.de\/wp-content\/uploads\/2017\/01\/DSC01987-LR-1500-904x603.jpg 904w\" sizes=\"auto, (max-width: 1500px) 100vw, 1500px\" \/><\/a><br \/>\n<span style=\"color: #ffffff;\">.<\/span><br \/>\n<span style=\"color: #ffffff;\">.<\/span><br \/>\n<a href=\"https:\/\/www.immerdrauf-online.de\/wp-content\/uploads\/2017\/01\/DSC02057-LR-1500.jpg\"><img loading=\"lazy\" decoding=\"async\" class=\"alignleft size-full wp-image-3642\" src=\"https:\/\/www.immerdrauf-online.de\/wp-content\/uploads\/2017\/01\/DSC02057-LR-1500.jpg\" alt=\"DSC02057-LR-1500\" width=\"1500\" height=\"1000\" srcset=\"https:\/\/www.immerdrauf-online.de\/wp-content\/uploads\/2017\/01\/DSC02057-LR-1500.jpg 1500w, https:\/\/www.immerdrauf-online.de\/wp-content\/uploads\/2017\/01\/DSC02057-LR-1500-300x200.jpg 300w, https:\/\/www.immerdrauf-online.de\/wp-content\/uploads\/2017\/01\/DSC02057-LR-1500-768x512.jpg 768w, https:\/\/www.immerdrauf-online.de\/wp-content\/uploads\/2017\/01\/DSC02057-LR-1500-904x603.jpg 904w\" sizes=\"auto, (max-width: 1500px) 100vw, 1500px\" \/><\/a><br \/>\n<span style=\"color: #ffffff;\">.<\/span><br \/>\n<span style=\"color: #ffffff;\">.<\/span><br \/>\n<a href=\"https:\/\/www.immerdrauf-online.de\/wp-content\/uploads\/2017\/01\/DSC02100-LR-1500.jpg\"><img loading=\"lazy\" decoding=\"async\" class=\"alignleft size-full wp-image-3643\" src=\"https:\/\/www.immerdrauf-online.de\/wp-content\/uploads\/2017\/01\/DSC02100-LR-1500.jpg\" alt=\"DSC02100-LR-1500\" width=\"1500\" height=\"1000\" srcset=\"https:\/\/www.immerdrauf-online.de\/wp-content\/uploads\/2017\/01\/DSC02100-LR-1500.jpg 1500w, https:\/\/www.immerdrauf-online.de\/wp-content\/uploads\/2017\/01\/DSC02100-LR-1500-300x200.jpg 300w, https:\/\/www.immerdrauf-online.de\/wp-content\/uploads\/2017\/01\/DSC02100-LR-1500-768x512.jpg 768w, https:\/\/www.immerdrauf-online.de\/wp-content\/uploads\/2017\/01\/DSC02100-LR-1500-904x603.jpg 904w\" sizes=\"auto, (max-width: 1500px) 100vw, 1500px\" \/><\/a><br \/>\n<span style=\"color: #ffffff;\">.<\/span><br \/>\n<span style=\"color: #ffffff;\">.<\/span><br \/>\n<a href=\"https:\/\/www.immerdrauf-online.de\/wp-content\/uploads\/2017\/01\/DSC02126-LR-1500.jpg\"><img loading=\"lazy\" decoding=\"async\" class=\"alignleft size-full wp-image-3644\" src=\"https:\/\/www.immerdrauf-online.de\/wp-content\/uploads\/2017\/01\/DSC02126-LR-1500.jpg\" alt=\"DSC02126-LR-1500\" width=\"1500\" height=\"1045\" srcset=\"https:\/\/www.immerdrauf-online.de\/wp-content\/uploads\/2017\/01\/DSC02126-LR-1500.jpg 1500w, https:\/\/www.immerdrauf-online.de\/wp-content\/uploads\/2017\/01\/DSC02126-LR-1500-300x209.jpg 300w, https:\/\/www.immerdrauf-online.de\/wp-content\/uploads\/2017\/01\/DSC02126-LR-1500-768x535.jpg 768w, https:\/\/www.immerdrauf-online.de\/wp-content\/uploads\/2017\/01\/DSC02126-LR-1500-1470x1024.jpg 1470w, https:\/\/www.immerdrauf-online.de\/wp-content\/uploads\/2017\/01\/DSC02126-LR-1500-904x630.jpg 904w\" sizes=\"auto, (max-width: 1500px) 100vw, 1500px\" \/><\/a><br \/>\n<span style=\"color: #ffffff;\">.<\/span><br \/>\n<span style=\"color: #ffffff;\">.<\/span><br \/>\n<a href=\"https:\/\/www.immerdrauf-online.de\/wp-content\/uploads\/2017\/01\/DSC02140-LR2-1500.jpg\"><img loading=\"lazy\" decoding=\"async\" class=\"alignleft size-full wp-image-3645\" src=\"https:\/\/www.immerdrauf-online.de\/wp-content\/uploads\/2017\/01\/DSC02140-LR2-1500.jpg\" alt=\"DSC02140-LR2-1500\" width=\"1500\" height=\"1000\" srcset=\"https:\/\/www.immerdrauf-online.de\/wp-content\/uploads\/2017\/01\/DSC02140-LR2-1500.jpg 1500w, https:\/\/www.immerdrauf-online.de\/wp-content\/uploads\/2017\/01\/DSC02140-LR2-1500-300x200.jpg 300w, https:\/\/www.immerdrauf-online.de\/wp-content\/uploads\/2017\/01\/DSC02140-LR2-1500-768x512.jpg 768w, https:\/\/www.immerdrauf-online.de\/wp-content\/uploads\/2017\/01\/DSC02140-LR2-1500-904x603.jpg 904w\" sizes=\"auto, (max-width: 1500px) 100vw, 1500px\" \/><\/a><br \/>\n<span style=\"color: #ffffff;\">.<\/span><br \/>\n<span style=\"color: #ffffff;\">.<\/span><br \/>\n<a href=\"https:\/\/www.immerdrauf-online.de\/wp-content\/uploads\/2017\/01\/DSC02147-LR-1500.jpg\"><img loading=\"lazy\" decoding=\"async\" class=\"alignleft size-full wp-image-3646\" src=\"https:\/\/www.immerdrauf-online.de\/wp-content\/uploads\/2017\/01\/DSC02147-LR-1500.jpg\" alt=\"DSC02147-LR-1500\" width=\"1500\" height=\"1000\" srcset=\"https:\/\/www.immerdrauf-online.de\/wp-content\/uploads\/2017\/01\/DSC02147-LR-1500.jpg 1500w, https:\/\/www.immerdrauf-online.de\/wp-content\/uploads\/2017\/01\/DSC02147-LR-1500-300x200.jpg 300w, https:\/\/www.immerdrauf-online.de\/wp-content\/uploads\/2017\/01\/DSC02147-LR-1500-768x512.jpg 768w, https:\/\/www.immerdrauf-online.de\/wp-content\/uploads\/2017\/01\/DSC02147-LR-1500-904x603.jpg 904w\" sizes=\"auto, (max-width: 1500px) 100vw, 1500px\" \/><\/a><br \/>\n<span style=\"color: #ffffff;\">.<\/span><br \/>\n<span style=\"color: #ffffff;\">.<\/span><br \/>\n<a href=\"https:\/\/www.immerdrauf-online.de\/wp-content\/uploads\/2017\/01\/DSC02151-LR-1500.jpg\"><img loading=\"lazy\" decoding=\"async\" class=\"alignleft size-full wp-image-3647\" src=\"https:\/\/www.immerdrauf-online.de\/wp-content\/uploads\/2017\/01\/DSC02151-LR-1500.jpg\" alt=\"DSC02151-LR-1500\" width=\"1500\" height=\"1000\" srcset=\"https:\/\/www.immerdrauf-online.de\/wp-content\/uploads\/2017\/01\/DSC02151-LR-1500.jpg 1500w, https:\/\/www.immerdrauf-online.de\/wp-content\/uploads\/2017\/01\/DSC02151-LR-1500-300x200.jpg 300w, https:\/\/www.immerdrauf-online.de\/wp-content\/uploads\/2017\/01\/DSC02151-LR-1500-768x512.jpg 768w, https:\/\/www.immerdrauf-online.de\/wp-content\/uploads\/2017\/01\/DSC02151-LR-1500-904x603.jpg 904w\" sizes=\"auto, (max-width: 1500px) 100vw, 1500px\" \/><\/a><br \/>\n<span style=\"color: #ffffff;\">.<\/span><br \/>\n<span style=\"color: #ffffff;\">.<\/span><br \/>\n<a href=\"https:\/\/www.immerdrauf-online.de\/wp-content\/uploads\/2017\/01\/DSC02144-LR2-1500.jpg\"><img loading=\"lazy\" decoding=\"async\" class=\"alignleft size-full wp-image-3648\" src=\"https:\/\/www.immerdrauf-online.de\/wp-content\/uploads\/2017\/01\/DSC02144-LR2-1500.jpg\" alt=\"DSC02144-LR2-1500\" width=\"1500\" height=\"1000\" srcset=\"https:\/\/www.immerdrauf-online.de\/wp-content\/uploads\/2017\/01\/DSC02144-LR2-1500.jpg 1500w, https:\/\/www.immerdrauf-online.de\/wp-content\/uploads\/2017\/01\/DSC02144-LR2-1500-300x200.jpg 300w, https:\/\/www.immerdrauf-online.de\/wp-content\/uploads\/2017\/01\/DSC02144-LR2-1500-768x512.jpg 768w, https:\/\/www.immerdrauf-online.de\/wp-content\/uploads\/2017\/01\/DSC02144-LR2-1500-904x603.jpg 904w\" sizes=\"auto, (max-width: 1500px) 100vw, 1500px\" \/><\/a><br \/>\n<span style=\"color: #ffffff;\">.<\/span><br \/>\n<span style=\"color: #ffffff;\">.<\/span><br \/>\n<a href=\"https:\/\/www.immerdrauf-online.de\/wp-content\/uploads\/2017\/01\/DSC02016-LR-1500.jpg\"><img loading=\"lazy\" decoding=\"async\" class=\"alignleft size-full wp-image-3649\" src=\"https:\/\/www.immerdrauf-online.de\/wp-content\/uploads\/2017\/01\/DSC02016-LR-1500.jpg\" alt=\"DSC02016-LR-1500\" width=\"1500\" height=\"1000\" srcset=\"https:\/\/www.immerdrauf-online.de\/wp-content\/uploads\/2017\/01\/DSC02016-LR-1500.jpg 1500w, https:\/\/www.immerdrauf-online.de\/wp-content\/uploads\/2017\/01\/DSC02016-LR-1500-300x200.jpg 300w, https:\/\/www.immerdrauf-online.de\/wp-content\/uploads\/2017\/01\/DSC02016-LR-1500-768x512.jpg 768w, https:\/\/www.immerdrauf-online.de\/wp-content\/uploads\/2017\/01\/DSC02016-LR-1500-904x603.jpg 904w\" sizes=\"auto, (max-width: 1500px) 100vw, 1500px\" \/><\/a><br \/>\n<span style=\"color: #ffffff;\">.<\/span><br \/>\n<span style=\"color: #ffffff;\">.<\/span><br \/>\n<a href=\"https:\/\/www.immerdrauf-online.de\/wp-content\/uploads\/2017\/01\/DSC02165-LR-1500.jpg\"><img loading=\"lazy\" decoding=\"async\" class=\"alignleft size-full wp-image-3650\" src=\"https:\/\/www.immerdrauf-online.de\/wp-content\/uploads\/2017\/01\/DSC02165-LR-1500.jpg\" alt=\"DSC02165-LR-1500\" width=\"1500\" height=\"1246\" srcset=\"https:\/\/www.immerdrauf-online.de\/wp-content\/uploads\/2017\/01\/DSC02165-LR-1500.jpg 1500w, https:\/\/www.immerdrauf-online.de\/wp-content\/uploads\/2017\/01\/DSC02165-LR-1500-300x249.jpg 300w, https:\/\/www.immerdrauf-online.de\/wp-content\/uploads\/2017\/01\/DSC02165-LR-1500-768x638.jpg 768w, https:\/\/www.immerdrauf-online.de\/wp-content\/uploads\/2017\/01\/DSC02165-LR-1500-1233x1024.jpg 1233w, https:\/\/www.immerdrauf-online.de\/wp-content\/uploads\/2017\/01\/DSC02165-LR-1500-904x751.jpg 904w\" sizes=\"auto, (max-width: 1500px) 100vw, 1500px\" \/><\/a><br \/>\n<span style=\"color: #ffffff;\">.<\/span><br \/>\n<span style=\"color: #ffffff;\">.<\/span><a href=\"#top\">Zum Seitenanfang<\/a><\/p>\n","protected":false},"excerpt":{"rendered":"<p>Da war ich als Mann schon fast neidisch, bei der guten Laune, die die M\u00e4dels verspr\u00fchten. Gerne h\u00e4tte ich da mitgefeiert, aber ist ja nur f\u00fcr Frauen. Die Fotografie allerdings,&hellip; <\/p>\n","protected":false},"author":1,"featured_media":0,"parent":0,"menu_order":0,"comment_status":"closed","ping_status":"closed","template":"","meta":{"footnotes":""},"class_list":["post-3639","page","type-page","status-publish","hentry"],"_links":{"self":[{"href":"https:\/\/www.immerdrauf-online.de\/index.php?rest_route=\/wp\/v2\/pages\/3639","targetHints":{"allow":["GET"]}}],"collection":[{"href":"https:\/\/www.immerdrauf-online.de\/index.php?rest_route=\/wp\/v2\/pages"}],"about":[{"href":"https:\/\/www.immerdrauf-online.de\/index.php?rest_route=\/wp\/v2\/types\/page"}],"author":[{"embeddable":true,"href":"https:\/\/www.immerdrauf-online.de\/index.php?rest_route=\/wp\/v2\/users\/1"}],"replies":[{"embeddable":true,"href":"https:\/\/www.immerdrauf-online.de\/index.php?rest_route=%2Fwp%2Fv2%2Fcomments&post=3639"}],"version-history":[{"count":7,"href":"https:\/\/www.immerdrauf-online.de\/index.php?rest_route=\/wp\/v2\/pages\/3639\/revisions"}],"predecessor-version":[{"id":4259,"href":"https:\/\/www.immerdrauf-online.de\/index.php?rest_route=\/wp\/v2\/pages\/3639\/revisions\/4259"}],"wp:attachment":[{"href":"https:\/\/www.immerdrauf-online.de\/index.php?rest_route=%2Fwp%2Fv2%2Fmedia&parent=3639"}],"curies":[{"name":"wp","href":"https:\/\/api.w.org\/{rel}","templated":true}]}}