{"id":3439,"date":"2016-11-02T01:41:11","date_gmt":"2016-11-01T23:41:11","guid":{"rendered":"http:\/\/www.immerdrauf-online.de\/?page_id=3439"},"modified":"2026-03-25T22:30:42","modified_gmt":"2026-03-25T20:30:42","slug":"mayer-optik-goerlitz-trioplan-50mm-f2-9","status":"publish","type":"page","link":"https:\/\/www.immerdrauf-online.de\/?page_id=3439","title":{"rendered":"Mayer Optik G\u00f6rlitz &#8211; Trioplan 50mm  F2.9"},"content":{"rendered":"<p><img loading=\"lazy\" decoding=\"async\" class=\"alignleft wp-image-3492\" src=\"https:\/\/www.immerdrauf-online.de\/wp-content\/uploads\/2016\/11\/Meyer_Trioplan_29_50mm_Exakta_Bajonett_gross.jpg\" alt=\"meyer_trioplan_29_50mm_exakta_bajonett_gross\" width=\"400\" height=\"300\" srcset=\"https:\/\/www.immerdrauf-online.de\/wp-content\/uploads\/2016\/11\/Meyer_Trioplan_29_50mm_Exakta_Bajonett_gross.jpg 500w, https:\/\/www.immerdrauf-online.de\/wp-content\/uploads\/2016\/11\/Meyer_Trioplan_29_50mm_Exakta_Bajonett_gross-300x225.jpg 300w\" sizes=\"auto, (max-width: 400px) 100vw, 400px\" \/>Hersteller: Meyer Optik G\u00f6rlitz DDR<br \/>Objektivname: Trioplan 50mm \u00a0f2.9<br \/>Produktionsjahr: 1952-1960<br \/>Anschlu\u00df: M42-Anschlu\u00df, auch mit Exakta- und Altix-Mount erh\u00e4ltlich<br \/>Linsentyp: Triplet 3\/3<br \/>Blende: f2.9- f22 (rastend, nicht schlie\u00dfend)<br \/>Blendenform: rund, 12 Lamellen<br \/>Coating:einfach verg\u00fctet, bl\u00e4uliche Verg\u00fctung mit rotem V-Zeichen<br \/>Naheinstellbereich: ab 60cm bis unendlich<br \/>Gewicht: 82g<br \/>Blickwinkel: 47\u00b0<br \/>Filtergewinde f\u00fcr Gegenlichtblenden: 35,5mm<br \/>Bosonderheiten: Kringelbildung bei Offenblende<\/p>\n<p><img loading=\"lazy\" decoding=\"async\" class=\"alignnone size-full wp-image-3435\" src=\"https:\/\/www.immerdrauf-online.de\/wp-content\/uploads\/2016\/11\/DSC00135-LR-3-1500.jpg\" alt=\"dsc00135-lr-3-1500\" width=\"1500\" height=\"844\" srcset=\"https:\/\/www.immerdrauf-online.de\/wp-content\/uploads\/2016\/11\/DSC00135-LR-3-1500.jpg 1500w, https:\/\/www.immerdrauf-online.de\/wp-content\/uploads\/2016\/11\/DSC00135-LR-3-1500-300x169.jpg 300w, https:\/\/www.immerdrauf-online.de\/wp-content\/uploads\/2016\/11\/DSC00135-LR-3-1500-904x509.jpg 904w\" sizes=\"auto, (max-width: 1500px) 100vw, 1500px\" \/><\/p>\n<p><span style=\"color: #ffffff;\">.<\/span><br \/><span style=\"color: #ffffff;\">.<\/span><\/p>\n\n<style type=\"text\/css\">\n#foogallery-gallery-4376.fg-justified .fg-item { margin-right: 2px; margin-bottom: 2px; }\n#foogallery-gallery-4376.fg-justified .fg-image { height: 200px; }<\/style>\n\t\t\t<div class=\"foogallery foogallery-container foogallery-justified foogallery-lightbox-foogallery fg-justified fg-ready fg-light fg-shadow-outline fg-loading-default fg-loaded-fade-in fg-caption-always fg-hover-fade fg-hover-zoom2\" id=\"foogallery-gallery-4376\" data-foogallery=\"{&quot;item&quot;:{&quot;showCaptionTitle&quot;:true,&quot;showCaptionDescription&quot;:false},&quot;lazy&quot;:true,&quot;template&quot;:{&quot;rowHeight&quot;:200,&quot;maxRowHeight&quot;:300,&quot;margins&quot;:2,&quot;align&quot;:&quot;center&quot;,&quot;lastRow&quot;:&quot;smart&quot;}}\" data-foogallery-lightbox=\"{&quot;thumbs&quot;:&quot;bottom&quot;,&quot;thumbsCaptions&quot;:false,&quot;thumbsBestFit&quot;:false,&quot;thumbsSmall&quot;:false,&quot;thumbsCaptionsAlign&quot;:&quot;default&quot;,&quot;info&quot;:&quot;bottom&quot;,&quot;infoVisible&quot;:true,&quot;infoOverlay&quot;:true,&quot;infoAlign&quot;:&quot;default&quot;,&quot;transition&quot;:&quot;fade&quot;,&quot;hoverButtons&quot;:false,&quot;fitMedia&quot;:false,&quot;noScrollbars&quot;:true,&quot;preserveButtonSpace&quot;:true,&quot;buttons&quot;:{&quot;fullscreen&quot;:true,&quot;info&quot;:true,&quot;thumbs&quot;:false},&quot;video&quot;:{&quot;autoPlay&quot;:true}}\" style=\"--fg-title-line-clamp: 1; --fg-description-line-clamp: 2;\" >\n\t<div class=\"fg-item fg-type-image fg-idle\"><figure class=\"fg-item-inner\"><a href=\"https:\/\/www.immerdrauf-online.de\/wp-content\/uploads\/2016\/11\/cropped-DSC00376-PS-1500.jpg\" data-attachment-id=\"3980\" data-type=\"image\" class=\"fg-thumb\"><span class=\"fg-image-wrap\"><img fetchpriority=\"high\" decoding=\"async\" height=\"300\" width=\"1200\" class=\"skip-lazy fg-image\" data-src-fg=\"https:\/\/www.immerdrauf-online.de\/wp-content\/uploads\/2016\/11\/cropped-DSC00376-PS-1500.jpg\" src=\"data:image\/svg+xml,%3Csvg%20xmlns%3D%22http%3A%2F%2Fwww.w3.org%2F2000%2Fsvg%22%20width%3D%221200%22%20height%3D%22300%22%20viewBox%3D%220%200%201200%20300%22%3E%3C%2Fsvg%3E\" loading=\"eager\"><\/span><span class=\"fg-image-overlay\"><\/span><\/a><\/figure><div class=\"fg-loader\"><\/div><\/div><div class=\"fg-item fg-type-image fg-idle\"><figure class=\"fg-item-inner\"><a href=\"https:\/\/www.immerdrauf-online.de\/wp-content\/uploads\/2016\/11\/DSC00720-PS-1500.jpg\" data-attachment-id=\"3449\" data-type=\"image\" class=\"fg-thumb\"><span class=\"fg-image-wrap\"><img decoding=\"async\" height=\"300\" width=\"533\" class=\"skip-lazy fg-image\" data-src-fg=\"https:\/\/www.immerdrauf-online.de\/wp-content\/uploads\/cache\/2016\/11\/DSC00720-PS-1500\/2497986011.jpg\" src=\"data:image\/svg+xml,%3Csvg%20xmlns%3D%22http%3A%2F%2Fwww.w3.org%2F2000%2Fsvg%22%20width%3D%22533%22%20height%3D%22300%22%20viewBox%3D%220%200%20533%20300%22%3E%3C%2Fsvg%3E\" loading=\"eager\"><\/span><span class=\"fg-image-overlay\"><\/span><\/a><\/figure><div class=\"fg-loader\"><\/div><\/div><div class=\"fg-item fg-type-image fg-idle\"><figure class=\"fg-item-inner\"><a href=\"https:\/\/www.immerdrauf-online.de\/wp-content\/uploads\/2016\/11\/DSC00719-PS-2-1500.jpg\" data-attachment-id=\"3448\" data-type=\"image\" class=\"fg-thumb\"><span class=\"fg-image-wrap\"><img decoding=\"async\" height=\"300\" width=\"533\" class=\"skip-lazy fg-image\" data-src-fg=\"https:\/\/www.immerdrauf-online.de\/wp-content\/uploads\/cache\/2016\/11\/DSC00719-PS-2-1500\/2751333904.jpg\" src=\"data:image\/svg+xml,%3Csvg%20xmlns%3D%22http%3A%2F%2Fwww.w3.org%2F2000%2Fsvg%22%20width%3D%22533%22%20height%3D%22300%22%20viewBox%3D%220%200%20533%20300%22%3E%3C%2Fsvg%3E\" loading=\"eager\"><\/span><span class=\"fg-image-overlay\"><\/span><\/a><\/figure><div class=\"fg-loader\"><\/div><\/div><div class=\"fg-item fg-type-image fg-idle\"><figure class=\"fg-item-inner\"><a href=\"https:\/\/www.immerdrauf-online.de\/wp-content\/uploads\/2016\/11\/DSC00715-PS-1500.jpg\" data-attachment-id=\"3447\" data-type=\"image\" class=\"fg-thumb\"><span class=\"fg-image-wrap\"><img decoding=\"async\" height=\"300\" width=\"533\" class=\"skip-lazy fg-image\" data-src-fg=\"https:\/\/www.immerdrauf-online.de\/wp-content\/uploads\/cache\/2016\/11\/DSC00715-PS-1500\/2967829070.jpg\" src=\"data:image\/svg+xml,%3Csvg%20xmlns%3D%22http%3A%2F%2Fwww.w3.org%2F2000%2Fsvg%22%20width%3D%22533%22%20height%3D%22300%22%20viewBox%3D%220%200%20533%20300%22%3E%3C%2Fsvg%3E\" loading=\"eager\"><\/span><span class=\"fg-image-overlay\"><\/span><\/a><\/figure><div class=\"fg-loader\"><\/div><\/div><div class=\"fg-item fg-type-image fg-idle\"><figure class=\"fg-item-inner\"><a href=\"https:\/\/www.immerdrauf-online.de\/wp-content\/uploads\/2016\/11\/DSC00700-PS-1500.jpg\" data-attachment-id=\"3446\" data-type=\"image\" class=\"fg-thumb\"><span class=\"fg-image-wrap\"><img decoding=\"async\" height=\"300\" width=\"453\" class=\"skip-lazy fg-image\" data-src-fg=\"https:\/\/www.immerdrauf-online.de\/wp-content\/uploads\/cache\/2016\/11\/DSC00700-PS-1500\/2716803771.jpg\" src=\"data:image\/svg+xml,%3Csvg%20xmlns%3D%22http%3A%2F%2Fwww.w3.org%2F2000%2Fsvg%22%20width%3D%22453%22%20height%3D%22300%22%20viewBox%3D%220%200%20453%20300%22%3E%3C%2Fsvg%3E\" loading=\"eager\"><\/span><span class=\"fg-image-overlay\"><\/span><\/a><\/figure><div class=\"fg-loader\"><\/div><\/div><div class=\"fg-item fg-type-image fg-idle\"><figure class=\"fg-item-inner\"><a href=\"https:\/\/www.immerdrauf-online.de\/wp-content\/uploads\/2016\/11\/DSC00503-LR-1500.jpg\" data-attachment-id=\"3445\" data-type=\"image\" class=\"fg-thumb\"><span class=\"fg-image-wrap\"><img decoding=\"async\" height=\"300\" width=\"533\" class=\"skip-lazy fg-image\" data-src-fg=\"https:\/\/www.immerdrauf-online.de\/wp-content\/uploads\/cache\/2016\/11\/DSC00503-LR-1500\/4065090735.jpg\" src=\"data:image\/svg+xml,%3Csvg%20xmlns%3D%22http%3A%2F%2Fwww.w3.org%2F2000%2Fsvg%22%20width%3D%22533%22%20height%3D%22300%22%20viewBox%3D%220%200%20533%20300%22%3E%3C%2Fsvg%3E\" loading=\"eager\"><\/span><span class=\"fg-image-overlay\"><\/span><\/a><\/figure><div class=\"fg-loader\"><\/div><\/div><div class=\"fg-item fg-type-image fg-idle\"><figure class=\"fg-item-inner\"><a href=\"https:\/\/www.immerdrauf-online.de\/wp-content\/uploads\/2016\/11\/DSC00753-PS-1500.jpg\" data-attachment-id=\"3450\" data-type=\"image\" class=\"fg-thumb\"><span class=\"fg-image-wrap\"><img decoding=\"async\" height=\"300\" width=\"339\" class=\"skip-lazy fg-image\" data-src-fg=\"https:\/\/www.immerdrauf-online.de\/wp-content\/uploads\/cache\/2016\/11\/DSC00753-PS-1500\/2904523104.jpg\" src=\"data:image\/svg+xml,%3Csvg%20xmlns%3D%22http%3A%2F%2Fwww.w3.org%2F2000%2Fsvg%22%20width%3D%22339%22%20height%3D%22300%22%20viewBox%3D%220%200%20339%20300%22%3E%3C%2Fsvg%3E\" loading=\"eager\"><\/span><span class=\"fg-image-overlay\"><\/span><\/a><\/figure><div class=\"fg-loader\"><\/div><\/div><div class=\"fg-item fg-type-image fg-idle\"><figure class=\"fg-item-inner\"><a href=\"https:\/\/www.immerdrauf-online.de\/wp-content\/uploads\/2016\/11\/DSC00422-LR-1500.jpg\" data-attachment-id=\"3444\" data-type=\"image\" class=\"fg-thumb\"><span class=\"fg-image-wrap\"><img decoding=\"async\" height=\"300\" width=\"533\" class=\"skip-lazy fg-image\" data-src-fg=\"https:\/\/www.immerdrauf-online.de\/wp-content\/uploads\/cache\/2016\/11\/DSC00422-LR-1500\/2344592824.jpg\" src=\"data:image\/svg+xml,%3Csvg%20xmlns%3D%22http%3A%2F%2Fwww.w3.org%2F2000%2Fsvg%22%20width%3D%22533%22%20height%3D%22300%22%20viewBox%3D%220%200%20533%20300%22%3E%3C%2Fsvg%3E\" loading=\"eager\"><\/span><span class=\"fg-image-overlay\"><\/span><\/a><\/figure><div class=\"fg-loader\"><\/div><\/div><div class=\"fg-item fg-type-image fg-idle\"><figure class=\"fg-item-inner\"><a href=\"https:\/\/www.immerdrauf-online.de\/wp-content\/uploads\/2016\/11\/DSC00385-LR-2-1500.jpg\" data-attachment-id=\"3443\" data-type=\"image\" class=\"fg-thumb\"><span class=\"fg-image-wrap\"><img decoding=\"async\" height=\"300\" width=\"533\" class=\"skip-lazy fg-image\" data-src-fg=\"https:\/\/www.immerdrauf-online.de\/wp-content\/uploads\/cache\/2016\/11\/DSC00385-LR-2-1500\/3063584932.jpg\" src=\"data:image\/svg+xml,%3Csvg%20xmlns%3D%22http%3A%2F%2Fwww.w3.org%2F2000%2Fsvg%22%20width%3D%22533%22%20height%3D%22300%22%20viewBox%3D%220%200%20533%20300%22%3E%3C%2Fsvg%3E\" loading=\"eager\"><\/span><span class=\"fg-image-overlay\"><\/span><\/a><\/figure><div class=\"fg-loader\"><\/div><\/div><div class=\"fg-item fg-type-image fg-idle\"><figure class=\"fg-item-inner\"><a href=\"https:\/\/www.immerdrauf-online.de\/wp-content\/uploads\/2016\/11\/DSC00383-LR-XX-1500.jpg\" data-attachment-id=\"3442\" data-type=\"image\" class=\"fg-thumb\"><span class=\"fg-image-wrap\"><img decoding=\"async\" height=\"300\" width=\"533\" class=\"skip-lazy fg-image\" data-src-fg=\"https:\/\/www.immerdrauf-online.de\/wp-content\/uploads\/cache\/2016\/11\/DSC00383-LR-XX-1500\/1544949282.jpg\" src=\"data:image\/svg+xml,%3Csvg%20xmlns%3D%22http%3A%2F%2Fwww.w3.org%2F2000%2Fsvg%22%20width%3D%22533%22%20height%3D%22300%22%20viewBox%3D%220%200%20533%20300%22%3E%3C%2Fsvg%3E\" loading=\"eager\"><\/span><span class=\"fg-image-overlay\"><\/span><\/a><\/figure><div class=\"fg-loader\"><\/div><\/div><div class=\"fg-item fg-type-image fg-idle\"><figure class=\"fg-item-inner\"><a href=\"https:\/\/www.immerdrauf-online.de\/wp-content\/uploads\/2016\/11\/DSC00379-LR-1500.jpg\" data-attachment-id=\"3441\" data-type=\"image\" class=\"fg-thumb\"><span class=\"fg-image-wrap\"><img decoding=\"async\" height=\"300\" width=\"533\" class=\"skip-lazy fg-image\" data-src-fg=\"https:\/\/www.immerdrauf-online.de\/wp-content\/uploads\/cache\/2016\/11\/DSC00379-LR-1500\/757469263.jpg\" src=\"data:image\/svg+xml,%3Csvg%20xmlns%3D%22http%3A%2F%2Fwww.w3.org%2F2000%2Fsvg%22%20width%3D%22533%22%20height%3D%22300%22%20viewBox%3D%220%200%20533%20300%22%3E%3C%2Fsvg%3E\" loading=\"eager\"><\/span><span class=\"fg-image-overlay\"><\/span><\/a><\/figure><div class=\"fg-loader\"><\/div><\/div><div class=\"fg-item fg-type-image fg-idle\"><figure class=\"fg-item-inner\"><a href=\"https:\/\/www.immerdrauf-online.de\/wp-content\/uploads\/2016\/11\/DSC00376-PS-1500.jpg\" data-attachment-id=\"3440\" data-type=\"image\" class=\"fg-thumb\"><span class=\"fg-image-wrap\"><img decoding=\"async\" height=\"300\" width=\"533\" class=\"skip-lazy fg-image\" data-src-fg=\"https:\/\/www.immerdrauf-online.de\/wp-content\/uploads\/cache\/2016\/11\/DSC00376-PS-1500\/3739766033.jpg\" src=\"data:image\/svg+xml,%3Csvg%20xmlns%3D%22http%3A%2F%2Fwww.w3.org%2F2000%2Fsvg%22%20width%3D%22533%22%20height%3D%22300%22%20viewBox%3D%220%200%20533%20300%22%3E%3C%2Fsvg%3E\" loading=\"eager\"><\/span><span class=\"fg-image-overlay\"><\/span><\/a><\/figure><div class=\"fg-loader\"><\/div><\/div><div class=\"fg-item fg-type-image fg-idle\"><figure class=\"fg-item-inner\"><a href=\"https:\/\/www.immerdrauf-online.de\/wp-content\/uploads\/2016\/11\/DSC00371-PS-1500.jpg\" data-attachment-id=\"3438\" data-type=\"image\" class=\"fg-thumb\"><span class=\"fg-image-wrap\"><img decoding=\"async\" height=\"300\" width=\"533\" class=\"skip-lazy fg-image\" data-src-fg=\"https:\/\/www.immerdrauf-online.de\/wp-content\/uploads\/cache\/2016\/11\/DSC00371-PS-1500\/1716220625.jpg\" src=\"data:image\/svg+xml,%3Csvg%20xmlns%3D%22http%3A%2F%2Fwww.w3.org%2F2000%2Fsvg%22%20width%3D%22533%22%20height%3D%22300%22%20viewBox%3D%220%200%20533%20300%22%3E%3C%2Fsvg%3E\" loading=\"eager\"><\/span><span class=\"fg-image-overlay\"><\/span><\/a><\/figure><div class=\"fg-loader\"><\/div><\/div><div class=\"fg-item fg-type-image fg-idle\"><figure class=\"fg-item-inner\"><a href=\"https:\/\/www.immerdrauf-online.de\/wp-content\/uploads\/2016\/11\/DSC00170-PS-1500.jpg\" data-attachment-id=\"3437\" data-type=\"image\" class=\"fg-thumb\"><span class=\"fg-image-wrap\"><img decoding=\"async\" height=\"300\" width=\"533\" class=\"skip-lazy fg-image\" data-src-fg=\"https:\/\/www.immerdrauf-online.de\/wp-content\/uploads\/cache\/2016\/11\/DSC00170-PS-1500\/750782308.jpg\" src=\"data:image\/svg+xml,%3Csvg%20xmlns%3D%22http%3A%2F%2Fwww.w3.org%2F2000%2Fsvg%22%20width%3D%22533%22%20height%3D%22300%22%20viewBox%3D%220%200%20533%20300%22%3E%3C%2Fsvg%3E\" loading=\"eager\"><\/span><span class=\"fg-image-overlay\"><\/span><\/a><\/figure><div class=\"fg-loader\"><\/div><\/div><div class=\"fg-item fg-type-image fg-idle\"><figure class=\"fg-item-inner\"><a href=\"https:\/\/www.immerdrauf-online.de\/wp-content\/uploads\/2016\/11\/DSC00151-PS-1500.jpg\" data-attachment-id=\"3436\" data-type=\"image\" class=\"fg-thumb\"><span class=\"fg-image-wrap\"><img decoding=\"async\" height=\"300\" width=\"533\" class=\"skip-lazy fg-image\" data-src-fg=\"https:\/\/www.immerdrauf-online.de\/wp-content\/uploads\/cache\/2016\/11\/DSC00151-PS-1500\/3126937746.jpg\" src=\"data:image\/svg+xml,%3Csvg%20xmlns%3D%22http%3A%2F%2Fwww.w3.org%2F2000%2Fsvg%22%20width%3D%22533%22%20height%3D%22300%22%20viewBox%3D%220%200%20533%20300%22%3E%3C%2Fsvg%3E\" loading=\"eager\"><\/span><span class=\"fg-image-overlay\"><\/span><\/a><\/figure><div class=\"fg-loader\"><\/div><\/div><div class=\"fg-item fg-type-image fg-idle\"><figure class=\"fg-item-inner\"><a href=\"https:\/\/www.immerdrauf-online.de\/wp-content\/uploads\/2016\/11\/DSC00135-LR-3-1500.jpg\" data-attachment-id=\"3435\" data-type=\"image\" class=\"fg-thumb\"><span class=\"fg-image-wrap\"><img decoding=\"async\" height=\"300\" width=\"533\" class=\"skip-lazy fg-image\" data-src-fg=\"https:\/\/www.immerdrauf-online.de\/wp-content\/uploads\/cache\/2016\/11\/DSC00135-LR-3-1500\/883264790.jpg\" src=\"data:image\/svg+xml,%3Csvg%20xmlns%3D%22http%3A%2F%2Fwww.w3.org%2F2000%2Fsvg%22%20width%3D%22533%22%20height%3D%22300%22%20viewBox%3D%220%200%20533%20300%22%3E%3C%2Fsvg%3E\" loading=\"eager\"><\/span><span class=\"fg-image-overlay\"><\/span><\/a><\/figure><div class=\"fg-loader\"><\/div><\/div><div class=\"fg-item fg-type-image fg-idle\"><figure class=\"fg-item-inner\"><a href=\"https:\/\/www.immerdrauf-online.de\/wp-content\/uploads\/2016\/11\/DSC00127-CP1-LR-3X-1500.jpg\" data-attachment-id=\"3434\" data-type=\"image\" class=\"fg-thumb\"><span class=\"fg-image-wrap\"><img decoding=\"async\" height=\"300\" width=\"533\" class=\"skip-lazy fg-image\" data-src-fg=\"https:\/\/www.immerdrauf-online.de\/wp-content\/uploads\/cache\/2016\/11\/DSC00127-CP1-LR-3X-1500\/3662532408.jpg\" src=\"data:image\/svg+xml,%3Csvg%20xmlns%3D%22http%3A%2F%2Fwww.w3.org%2F2000%2Fsvg%22%20width%3D%22533%22%20height%3D%22300%22%20viewBox%3D%220%200%20533%20300%22%3E%3C%2Fsvg%3E\" loading=\"eager\"><\/span><span class=\"fg-image-overlay\"><\/span><\/a><\/figure><div class=\"fg-loader\"><\/div><\/div><\/div>\n\n\n\n\n<p>&#8211;<\/p>\n","protected":false},"excerpt":{"rendered":"<p>Hersteller: Meyer Optik G\u00f6rlitz DDRObjektivname: Trioplan 50mm \u00a0f2.9Produktionsjahr: 1952-1960Anschlu\u00df: M42-Anschlu\u00df, auch mit Exakta- und Altix-Mount erh\u00e4ltlichLinsentyp: Triplet 3\/3Blende: f2.9- f22 (rastend, nicht schlie\u00dfend)Blendenform: rund, 12 LamellenCoating:einfach verg\u00fctet, bl\u00e4uliche Verg\u00fctung mit&hellip; <\/p>\n","protected":false},"author":1,"featured_media":0,"parent":0,"menu_order":0,"comment_status":"closed","ping_status":"closed","template":"","meta":{"footnotes":""},"class_list":["post-3439","page","type-page","status-publish","hentry"],"_links":{"self":[{"href":"https:\/\/www.immerdrauf-online.de\/index.php?rest_route=\/wp\/v2\/pages\/3439","targetHints":{"allow":["GET"]}}],"collection":[{"href":"https:\/\/www.immerdrauf-online.de\/index.php?rest_route=\/wp\/v2\/pages"}],"about":[{"href":"https:\/\/www.immerdrauf-online.de\/index.php?rest_route=\/wp\/v2\/types\/page"}],"author":[{"embeddable":true,"href":"https:\/\/www.immerdrauf-online.de\/index.php?rest_route=\/wp\/v2\/users\/1"}],"replies":[{"embeddable":true,"href":"https:\/\/www.immerdrauf-online.de\/index.php?rest_route=%2Fwp%2Fv2%2Fcomments&post=3439"}],"version-history":[{"count":12,"href":"https:\/\/www.immerdrauf-online.de\/index.php?rest_route=\/wp\/v2\/pages\/3439\/revisions"}],"predecessor-version":[{"id":4378,"href":"https:\/\/www.immerdrauf-online.de\/index.php?rest_route=\/wp\/v2\/pages\/3439\/revisions\/4378"}],"wp:attachment":[{"href":"https:\/\/www.immerdrauf-online.de\/index.php?rest_route=%2Fwp%2Fv2%2Fmedia&parent=3439"}],"curies":[{"name":"wp","href":"https:\/\/api.w.org\/{rel}","templated":true}]}}